
Let i be 0/(-5)*(-1)/2. Suppose -2*l = 2*k - 52, i*l = l - 2. Let h = 6 - 0. Calculate the greatest common factor of k and h.
6
Suppose -3*z + 0*z - 23 = q, 3 = 3*q. Let s be (-636)/(-10) - z/20. Calculate the greatest common divisor of 8 and s.
8
Suppose 0 = -3*u - o - 2*o - 12, -4*u - 2*o - 12 = 0. Let i be (-3 - -26) + (u - -3). What is the highest common divisor of i and 3?
3
Let o be 184/40 - (-2)/5. Calculate the highest common divisor of 55 and o.
5
Let d be ((-36)/(-21))/(2/49). Suppose -3*v + 0*v + 21 = 0. Suppose 3*w - v - 35 = 0. Calculate the greatest common divisor of w and d.
14
Let b be (-6)/4*(-48)/18. Suppose 4*h - 60 = 5*c, -3*c + 8 + b = 0. Suppose h = 4*u + u. What is the greatest common factor of u and 44?
4
Suppose -6*d + 2*k - 87 = -7*d, 4*k = -16. Calculate the highest common factor of 19 and d.
19
Let p be 0 + 1/1*1. What is the greatest common factor of 9 and p?
1
Suppose -6*l + 49 = -11. What is the highest common factor of 4 and l?
2
Suppose 0 = 4*k - 12, -3*r - 48 - 66 = 3*k. Let u = r - -97. What is the highest common factor of u and 14?
14
Suppose -5*d = b + 2, -5*b + 5*d + 28 + 82 = 0. Let l(j) = 2*j + 7*j**2 - 3 + 0 - 4*j**2. Let n be l(-3). Calculate the highest common divisor of n and b.
18
Suppose 6*t - 3*t - 24 = 3*p, 5*t - p = 28. Suppose 0 = f - t*f + 48. Calculate the highest common divisor of f and 132.
12
Let p(z) = -2*z**3 - 2*z**2 + 4*z + 3. Let a be p(-3). Suppose 5*l = -4*b - 9, -2*b - 9 + a = -2*l. Calculate the greatest common divisor of b and 4.
4
Let c = -176 + 228. What is the highest common divisor of 39 and c?
13
Let l be ((-8)/2)/(2/(-5)). Calculate the greatest common divisor of 170 and l.
10
Let n be 4 - (-2 + -1)*1. What is the greatest common divisor of 56 and n?
7
Let t(f) = f**2 + 2*f + 5. Let w(r) = 2*r + 4. Let y be w(-4). Let g be t(y). Suppose 0*p + 2*p = 130. Calculate the highest common factor of p and g.
13
Let v be (-3 + -1)*(5/(-1) - -3). Let o be 1 - (-2 - 2/2). Calculate the highest common divisor of o and v.
4
Suppose -d - 4*k - 5 - 3 = 0, 3*d - 32 = 2*k. Let g(s) = -s**2 - 7*s - 6. Let u be g(-5). What is the highest common factor of u and d?
4
Suppose 0 = -0*t + 21*t - 504. Suppose -3*s = -34 + 10. Calculate the highest common factor of t and s.
8
Suppose 2*b + 20 = -p - b, -4*b = 4*p + 80. Let f(u) = -29*u**3 - 2*u**2 + u. Let r be f(1). Let a = p - r. Calculate the greatest common divisor of 5 and a.
5
Suppose 184 = 5*n - 226. Let v = -50 + n. Suppose -6*h + 2*h = -v. What is the highest common factor of 20 and h?
4
Let k be (26 - 8) + 3/6*8. What is the greatest common divisor of k and 33?
11
Let f = -8 + 14. What is the greatest common factor of f and 2?
2
Let s(t) = t**3 - 4*t**2 + 4*t. Let k be s(4). Calculate the greatest common factor of 40 and k.
8
Let v(m) = 6*m**3 - m**2 - 2*m - 1. Let c be v(2). What is the highest common factor of c and 13?
13
Let f(s) = s + 28. Let q be f(-13). Let r be 1/2*(-11 + -1). Let p = q + r. What is the highest common divisor of p and 99?
9
Suppose x = -x + 6. Let q = 26 + -22. Suppose q*k = -4*u + 100 + 44, 5*k - 5*u - 150 = 0. Calculate the greatest common factor of k and x.
3
Suppose v - 4*s - 20 = 0, 4*v + 2*s + 10 = -v. Let k(m) = -m - 7. Let u be k(v). Let i = u - -20. What is the greatest common divisor of 65 and i?
13
Let l(q) = -2*q**2 - 21*q - 7. Let k be l(-10). Calculate the highest common factor of 9 and k.
3
Let s(t) = -t**2 + 6*t - 3. Let q be s(4). Let l(v) = 4*v + 5. Let u be l(q). Let x = u + -13. Calculate the highest common divisor of 18 and x.
6
Suppose 0 = a - 2*a + 16. Calculate the greatest common divisor of a and 48.
16
Let m = 13 + -3. Let u(y) = 0*y**3 + 4 - y**3 - m + 10*y**2 - 4*y. Let f be u(9). Calculate the greatest common factor of 13 and f.
13
Let d be -1 - (-12 + -1) - 0. Let k be (-4)/30 - 4336/(-120). What is the greatest common divisor of k and d?
12
Suppose -3*x = -3 - 6. Calculate the greatest common divisor of 3 and x.
3
Suppose -5*y + 166 = 4*g, -2*g - 131 = -4*y - 7*g. Suppose 5*m - 1 = 4, o = -2*m - 17. Let v = o + y. What is the greatest common divisor of 5 and v?
5
Suppose 0 = -4*c + 5*w + 23, 5 = c + 4*w + 15. Suppose 10 = c*i + 2. Let q = 19 - i. What is the highest common divisor of q and 10?
5
Suppose -3*q + 170 = -46. Let t = -10 - -28. Calculate the highest common divisor of q and t.
18
Suppose 0 = -4*n + 554 - 170. Calculate the greatest common divisor of n and 12.
12
Suppose 0 = -5*p - 161 + 651. Suppose -5*x + 10 = -15. Suppose -4*f - x*w + 2*w + 50 = 0, 0 = 5*f - 5*w - 80. What is the highest common divisor of f and p?
14
Let c(g) = 10*g**3 + 2*g**2 + g. Let l be c(2). Calculate the greatest common factor of 10 and l.
10
Let x(b) = 6*b**3 + b**2. Let z be x(1). Let d(f) = 2*f - 5. Let g be d(6). What is the highest common factor of g and z?
7
Suppose -4*w + 437 + 11 = 0. Calculate the highest common divisor of 16 and w.
16
Let p = -10 - -23. Suppose -2*a - 4*q = -69 - 29, 2*a - 5*q = 53. What is the greatest common factor of a and p?
13
Suppose 0 = 4*o + 18 - 2. Let b(n) = n + 5. Let u be b(o). Let i be (-1 - u)/(-4)*36. Calculate the greatest common factor of 6 and i.
6
Let q(v) = -v**2 + 3*v - 3. Let g be q(6). Let l be 36/g + (-2)/7. Let o be ((-1)/l)/((-4)/(-288)). Calculate the greatest common factor of o and 12.
12
Let x be 4/(-14) + -2*64/(-7). Let m be (-10)/(-4)*76/2. Let v = m + -50. What is the greatest common factor of x and v?
9
Suppose -2*k + 20 = -2*y, 5*k - 44 = y - 6. Let r be 0 - (-2)/(4/126). Calculate the greatest common factor of r and k.
7
Let r be (3 - (-15)/6)*40. Let i(u) = 7*u**2 + 5*u + 2. Let y be i(-2). What is the highest common factor of r and y?
20
Suppose 12 = x - 12. Calculate the highest common factor of x and 3.
3
Suppose -3*c - 5*k = -252, -2*c = c + 3*k - 252. Let h(b) = b**3 + 10*b**2 + 9*b + 12. Let z be h(-9). What is the highest common factor of z and c?
12
Suppose 11 = -4*w + 3. Let f be 2/(-6)*(w - 49). Let s = -247 + 434. What is the highest common divisor of f and s?
17
Let r(n) = -2*n - 8. Let t be r(-7). Let h(c) = -c**2 + 6*c + 3. Let q be h(t). Let f = -15 - -21. What is the highest common divisor of f and q?
3
Suppose -5*r + 111 = 2*h, 9*h = 4*h - 2*r + 246. What is the highest common divisor of h and 12?
12
Let l(g) = g**2 - 9*g + 2. Let n be l(11). What is the highest common divisor of n and 3?
3
Suppose -11 = -3*t + j, 5 = 5*t - j + 6*j. Suppose 1 - 7 = -t*d. What is the greatest common factor of d and 14?
2
Let k(i) = i**2 - 5*i. Let l be k(6). What is the greatest common factor of 42 and l?
6
Let u be (0 - -1)*(-4 + 5). Let r be ((144 - -1) + -2)*u. Calculate the greatest common divisor of r and 13.
13
Let f(b) be the second derivative of b**5/20 + b**3/6 + 36*b**2 - 7*b. Let x be f(0). Suppose 4*w - 13 = 19. What is the highest common factor of w and x?
8
Let v(s) = -s**3 - 5*s**2 - 10*s - 5. Let t be v(-4). Suppose -4*l + t = 3*i, -2*i - 1 = 5*l - 23. What is the greatest common factor of 2 and i?
1
Let j(y) = y**2 - 5*y - 33. Let f be j(15). Calculate the greatest common divisor of 9 and f.
9
Let t(w) be the third derivative of -w**6/120 + w**5/6 - w**4/12 + 7*w**3/6 - 7*w**2. Let k be t(7). What is the greatest common divisor of 14 and k?
14
Suppose 0 = 2*j - 107 - 91. Suppose g = 4*g - j. Let u(a) = -4*a + 2. Let h be u(-5). What is the highest common factor of g and h?
11
Suppose -3*l = -1 - 5. Let s be -1 + -8*l/(-4). Suppose -s*d + 23 = g, -4*d - 4*g + 2*g + 30 = 0. Calculate the highest common divisor of 4 and d.
4
Let p be (-49)/(-3) + (8/3)/(-8). Let c(m) = m**2 - 2*m - 7. Let d be c(5). Calculate the greatest common divisor of d and p.
8
Let n(k) = -k**2 - 14*k - 6. Let m be n(-13). Calculate the greatest common factor of m and 35.
7
Let b = 108 - 58. Suppose -5*g - 10 = f, 6*g - 3*g + b = -5*f. Let w be (-6 - -9)*f/(-6). What is the greatest common factor of w and 35?
5
Let o = 1367 - 2657. Let d be (-8)/(-36) - o/27. What is the greatest common divisor of d and 12?
12
Let t be (-5)/1*32/(-20). Let h(x) = 3*x**2 - 2*x. Let l be h(4). Calculate the greatest common factor of t and l.
8
Let a(y) = -y + 20. Let h be a(10). Calculate the highest common divisor of 25 and h.
5
Suppose 41 = 7*m + 20. Let t be (